{"id":23,"date":"2024-08-15T14:11:22","date_gmt":"2024-08-15T14:11:22","guid":{"rendered":"https:\/\/imo.everus.com.br\/?page_id=23"},"modified":"2024-08-15T14:11:22","modified_gmt":"2024-08-15T14:11:22","slug":"aderir","status":"publish","type":"page","link":"https:\/\/imo.everus.com.br\/?page_id=23","title":{"rendered":"Aderir"},"content":{"rendered":"<div class=\"es-auth js-es-auth content-font\">\n    \t    \t    <div class=\"es-auth__item es-auth__login-buttons es-auth__item--hidden\">\n\t        <h3 class=\"heading-font\">Entrar ou registar<\/h3>\n\t\n\t        <p>para salvar os im\u00f3veis favoritos e mais<\/p>\n\t\n\t\t\t\t\t\t\t        <a href=\"#\" data-auth-item=\"login-form\" class=\"js-es-auth-item__switcher es-btn es-btn--default es-btn--auth \">\n\t\t\tEntrar com email        <\/a>\n\t\n\t        <p class=\"sign-in-text\">N\u00e3o tem uma conta? <a href=\"#\" data-auth-item=\"buyer-register-buttons\" class=\"js-es-auth-item__switcher\">Subscreva<\/a><\/p>\n    \n    <div class=\"es-space\"><\/div>\n\n    \t<div class=\"es-auth-footer\">\n\t\t<div class=\"es-auth-footer__inner\">\n\t\t\t<div class=\"es-auth-footer__left\">\n\t\t\t\t<span class=\"es-icon es-icon_glasses es-secondary-color\"><\/span>\n\t\t\t\t<div class=\"es-auth-footer__content\">\n\t\t\t\t\t<b>Profissional do imobili\u00e1rio?<\/b>\n\t\t\t\t\t<p>Gerir os seus im\u00f3veis, perfil e mais.<\/p>\n\t\t\t\t<\/div>\n\t\t\t<\/div>\n\t\t\t<a href=\"#\" data-auth-item=\"agent-register-buttons\" class=\"js-es-auth-item__switcher es-btn es-btn--secondary es-btn--bordered\">Aderir como consultor<\/a>\n\t\t<\/div>\n\t<\/div>\n<\/div>\n\t    <div class=\"es-auth__item js-es-auth__login-form es-auth__login-form es-auth__item--hidden\">\n\t        <h3 class=\"heading-font\">Entrar ou registar<\/h3>\n\t\n\t        <p>para salvar os im\u00f3veis favoritos e mais<\/p>\n\t\n    <div class=\"all-login-back\">\n        <a href=\"#\" data-auth-item=\"login-buttons\" class=\"js-es-auth-item__switcher\">\n            <span class=\"es-icon es-icon_chevron-left\"><\/span>Todas as op\u00e7\u00f5es de acesso        <\/a>\n    <\/div>\n\n    <form action=\"\" method=\"POST\">\n\t\t\n                               <div class='es-field es-field__es_user_login es-field--text '>\n                                   <label for='es_user_login-6a0865289790d'><div class='es-field__label'>Email<\/div><input id=\"es_user_login-6a0865289790d\" name=\"es_user_login\" class=\"es-field__input\" required=\"required\" type=\"text\" value=\"\" \/><\/label>\n                               <\/div>\n                           \n                                   <div class='es-field es-field__es_user_password es-field--password '>\n                                       <label for='es_user_password-6a086528979d2'><div class='es-field__label'>Senha<\/div><div class='es-input__wrap'><input id=\"es_user_password-6a086528979d2\" name=\"es_user_password\" class=\"es-field__input\" required=\"required\" type=\"password\" value=\"\" \/><a href='#' class='es-toggle-pwd js-es-toggle-pwd'><span class='es-icon es-icon_eye'><\/span><\/a><\/div><\/label>\n                                   <\/div>\n                                       <div class=\"forgot-pwd\">\n            <a href=\"#\" data-auth-item=\"reset-form\" class=\"js-es-auth-item__switcher\">Esqueceu-se da senha?<\/a>\n        <\/div>\n\n\t\t        <input type=\"hidden\" name=\"uniqid\" value=\"6a086528979f0\"\/>\n\t\t<input type=\"hidden\" id=\"es_auth_nonce_6a086528979f0\" name=\"es_auth_nonce_6a086528979f0\" value=\"d81ee2339c\" \/><input type=\"hidden\" name=\"_wp_http_referer\" value=\"\/index.php?rest_route=%2Fwp%2Fv2%2Fpages%2F23\" \/>\t            <button type=\"submit\" class=\"es-btn es-btn--primary js-es-btn--login es-btn--login\" disabled>Entrar<\/button>\n    <\/form>\n\n\t        <p class=\"sign-in-text\">N\u00e3o tem uma conta? <a href=\"#\" class=\"js-es-auth-item__switcher\" data-auth-item=\"buyer-register-buttons\">Subscreva<\/a><\/p>\n        <div class=\"es-space\"><\/div>\n<\/div>\n\t    <div class=\"es-auth__item es-auth__reset-form es-auth__item--hidden\">\n    <h3 class=\"heading-font\">Reset password<\/h3>\n    <p>Insira o seu endere\u00e7o de e-mail e enviaremos um link para alterar a sua senha.<\/p>\n\n    <form action=\"\" method=\"POST\">\n\t\t\n        <input type=\"hidden\" name=\"uniqid\" value=\"6a08652897a4c\"\/>\n\n\t\t\t\t\t\n                               <div class='es-field es-field__es_user_email es-field--email '>\n                                   <label for='es_user_email-6a08652897a51'><div class='es-field__label'>Email<\/div><input id=\"es_user_email-6a08652897a51\" name=\"es_user_email\" class=\"es-field__input\" required=\"required\" type=\"email\" value=\"\" \/><\/label>\n                               <\/div>\n                           \t\t\t<input type=\"hidden\" id=\"es_retrieve_pwd_nonce_6a08652897a4c\" name=\"es_retrieve_pwd_nonce_6a08652897a4c\" value=\"4b13a0be72\" \/><input type=\"hidden\" name=\"_wp_http_referer\" value=\"\/index.php?rest_route=%2Fwp%2Fv2%2Fpages%2F23\" \/>\t\t\t            <button type=\"submit\" class=\"es-btn es-btn--primary es-btn--reset\">Enviar link de redefini\u00e7\u00e3o<\/button>\n\t\t\n        <div><a href=\"#\" data-auth-item=\"login-buttons\" class=\"js-es-auth-item__switcher login-back\"><span class=\"es-icon es-icon_chevron-left\"><\/span>Voltar \u00e0 autentica\u00e7\u00e3o<\/a><\/div>\n    <\/form>\n    <div class=\"es-space\"><\/div>\n<\/div>\n\t                <div class=\"es-auth__item es-auth__buyer-register-buttons \">\n\t        <h3 class=\"heading-font\">Acesse sua conta<\/h3>\n\t\n\t        <p>para salvar seus im\u00f3veis favoritos e mais<\/p>\n\t\n\t\t\t\t\t\t\t        <a href=\"#\" data-auth-item=\"buyer-register-form\" class=\"js-es-auth-item__switcher es-btn es-btn--default es-btn--auth \">Aderir com email<\/a>\n\t\n    <p class=\"sign-in-text\">J\u00e1 tem uma conta? <a href=\"#\" data-auth-item=\"login-buttons\" class=\"js-es-auth-item__switcher\">Entrar<\/a><\/p>\n    <div class=\"es-space\"><\/div>\n\t\t<div class=\"es-auth-footer\">\n\t\t<div class=\"es-auth-footer__inner\">\n\t\t\t<div class=\"es-auth-footer__left\">\n\t\t\t\t<span class=\"es-icon es-icon_glasses es-secondary-color\"><\/span>\n\t\t\t\t<div class=\"es-auth-footer__content\">\n\t\t\t\t\t<b>Profissional do imobili\u00e1rio?<\/b>\n\t\t\t\t\t<p>Gerir os seus im\u00f3veis, perfil e mais.<\/p>\n\t\t\t\t<\/div>\n\t\t\t<\/div>\n\t\t\t<a href=\"#\" data-auth-item=\"agent-register-buttons\" class=\"js-es-auth-item__switcher es-btn es-btn--secondary es-btn--bordered\">Aderir como consultor<\/a>\n\t\t<\/div>\n\t<\/div>\n<\/div>\n            <div class=\"es-auth__item es-auth__buyer-register-form es-auth__item--hidden\">\n\t        <h3 class=\"heading-font\">Acesse sua conta<\/h3>\n\t\n\t        <p>para salvar seus im\u00f3veis favoritos e mais<\/p>\n\t\n    <div class=\"all-login-back\">\n        <a href=\"#\" class=\"js-es-auth-item__switcher\" data-auth-item=\"buyer-register-buttons\">\n            <span class=\"es-icon es-icon_chevron-left\"><\/span>Todas as op\u00e7\u00f5es de subscri\u00e7\u00e3o        <\/a>\n    <\/div>\n\n    <form action=\"\" method=\"POST\">\n\t\t        <input type=\"hidden\" name=\"uniqid\" value=\"6a08652897ade\"\/>\n        <input type=\"hidden\" id=\"es_register_nonce_6a08652897ade\" name=\"es_register_nonce_6a08652897ade\" value=\"9e491e85ce\" \/><input type=\"hidden\" name=\"_wp_http_referer\" value=\"\/index.php?rest_route=%2Fwp%2Fv2%2Fpages%2F23\" \/><input id=\"redirect_url-6a08652897aef\" name=\"redirect_url\" class=\"es-field__input\" type=\"hidden\" value=\"\" \/><input id=\"es_type-6a08652897b06\" name=\"es_type\" class=\"es-field__input\" type=\"hidden\" value=\"buyer\" \/>\n                               <div class='es-field es-field__es_user_email es-field--email '>\n                                   <label for='es_user_email-6a08652897b17'><div class='es-field__label'>Email<\/div><input id=\"es_user_email-6a08652897b17\" name=\"es_user_email\" class=\"es-field__input\" required=\"required\" type=\"email\" value=\"\" \/><p class='es-field__description'>Usa-lo-\u00e1 para fazer login e n\u00f3s para entrar em contacto consigo.<\/p><\/label>\n                               <\/div>\n                           \n                                   <div class='es-field es-field__es_user_password es-field--password '>\n                                       <label for='es_user_password-6a08652897b30'><div class='es-field__label'>Senha<\/div><div class='es-input__wrap'><input id=\"es_user_password-6a08652897b30\" name=\"es_user_password\" class=\"js-es-password-field es-field__input\" required=\"required\" minlength=\"8\" type=\"password\" value=\"\" \/><a href='#' class='es-toggle-pwd js-es-toggle-pwd'><span class='es-icon es-icon_eye'><\/span><\/a><\/div><p class='es-field__description'><ul class='es-field__validate-list'>\n                                <li class='es-validate-item es-validate-item__contain'>N\u00e3o pode conter o nome ou o endere\u00e7o de email<\/li>\n                                <li class='es-validate-item es-validate-item__length'>Pelo menos 8 carateres<\/li>\n                                <li class='es-validate-item es-validate-item__char'>Cont\u00e9m um n\u00famero ou s\u00edmbolo<\/li>\n                            <\/ul><\/p><\/label>\n                                   <\/div>\n                               \n\t    \n        <button type=\"submit\" disabled class=\"es-btn es-btn--primary es-btn--signup\">Aderir<\/button>\n\t\t<div class='es-privacy-policy-container'><div class='es-terms-text'>Ao clicar o bot\u00e3o \u00abADES\u00c3O\u00bb concorda com Termos de uso e Pol\u00edtica de Privacidade<\/div><\/div>        <p class=\"sign-in-text\">J\u00e1 tem uma conta? <a href=\"#\" class=\"js-es-auth-item__switcher\" data-auth-item=\"login-buttons\">Entrar<\/a><\/p>\n    <\/form>\n    <div class=\"es-space\"><\/div>\n\t\t<div class=\"es-auth-footer\">\n\t\t<div class=\"es-auth-footer__inner\">\n\t\t\t<div class=\"es-auth-footer__left\">\n\t\t\t\t<span class=\"es-icon es-icon_glasses es-secondary-color\"><\/span>\n\t\t\t\t<div class=\"es-auth-footer__content\">\n\t\t\t\t\t<b>Profissional do imobili\u00e1rio?<\/b>\n\t\t\t\t\t<p>Gerir os seus im\u00f3veis, perfil e mais.<\/p>\n\t\t\t\t<\/div>\n\t\t\t<\/div>\n\t\t\t<a href=\"#\" data-auth-item=\"agent-register-buttons\" class=\"js-es-auth-item__switcher es-btn es-btn--secondary es-btn--bordered\">Aderir como consultor<\/a>\n\t\t<\/div>\n\t<\/div>\n<\/div>\n        \t                <div class=\"es-auth__item es-auth__agent-register-form es-auth__item--hidden\">\n\t\t\t<h3 class=\"heading-font\">Criar uma conta de consultor imobili\u00e1rio<\/h3>\n\t\n\t\t\t<p>Gerenciar seus im\u00f3veis, perfil e mais<\/p>\n\t\n\t<div class=\"all-login-back\">\n\t\t<a href=\"#\" class=\"js-es-auth-item__switcher\" data-auth-item=\"agent-register-buttons\">\n\t\t\t<span class=\"es-icon es-icon_chevron-left\"><\/span>Todas as op\u00e7\u00f5es de subscri\u00e7\u00e3o\t\t<\/a>\n\t<\/div>\n\n\t<form action=\"\" method=\"POST\">\n\t\t        <input type=\"hidden\" name=\"uniqid\" value=\"6a08652897bd2\"\/>\n        <input type=\"hidden\" id=\"es_register_nonce_6a08652897bd2\" name=\"es_register_nonce_6a08652897bd2\" value=\"9e491e85ce\" \/><input type=\"hidden\" name=\"_wp_http_referer\" value=\"\/index.php?rest_route=%2Fwp%2Fv2%2Fpages%2F23\" \/><input id=\"redirect_url-6a08652897c16\" name=\"redirect_url\" class=\"es-field__input\" type=\"hidden\" value=\"\" \/><input id=\"es_type-6a08652897c2d\" name=\"es_type\" class=\"es-field__input\" type=\"hidden\" value=\"agent\" \/>\n                               <div class='es-field es-field__es_user_email es-field--email '>\n                                   <label for='es_user_email-6a08652897c41'><div class='es-field__label'>Email *<\/div><input id=\"es_user_email-6a08652897c41\" name=\"es_user_email\" class=\"es-field__input\" required=\"required\" type=\"email\" value=\"\" \/><p class='es-field__description'>Usa-lo-\u00e1 para fazer login e n\u00f3s para entrar em contacto consigo.<\/p><\/label>\n                               <\/div>\n                           \n                               <div class='es-field es-field__es_phone es-field--phone '>\n                                   <label for='es-field-es_phone'><div class='es-field__label'>Telefone<\/div><input id=\"es-field-es_phone\" name=\"es_phone\" class=\"es-field__input\" type=\"text\" value=\"\" \/><p class='es-field__description'>Os compradores us\u00e1-lo-\u00e3o para te contactar.<\/p><\/label>\n                               <\/div>\n                           \n                                   <div class='es-field es-field__es_user_password es-field--password '>\n                                       <label for='es_user_password-6a086528981e3'><div class='es-field__label'>Senha *<\/div><div class='es-input__wrap'><input id=\"es_user_password-6a086528981e3\" name=\"es_user_password\" class=\"js-es-password-field es-field__input\" required=\"required\" minlength=\"8\" type=\"password\" value=\"\" \/><a href='#' class='es-toggle-pwd js-es-toggle-pwd'><span class='es-icon es-icon_eye'><\/span><\/a><\/div><p class='es-field__description'><ul class='es-field__validate-list'>\n                                <li class='es-validate-item es-validate-item__contain'>N\u00e3o pode conter o nome ou o endere\u00e7o de email<\/li>\n                                <li class='es-validate-item es-validate-item__length'>Pelo menos 8 carateres<\/li>\n                                <li class='es-validate-item es-validate-item__char'>Cont\u00e9m um n\u00famero ou s\u00edmbolo<\/li>\n                            <\/ul><\/p><\/label>\n                                   <\/div>\n                               \n\t\t\n\t\t<button type=\"submit\" disabled class=\"es-btn es-btn--primary es-btn--signup\">Aderir<\/button>\n\t\t<div class='es-privacy-policy-container'><div class='es-terms-text'>Ao clicar o bot\u00e3o \u00abADES\u00c3O\u00bb concorda com Termos de uso e Pol\u00edtica de Privacidade<\/div><\/div>\t\t<p class=\"sign-in-text\">J\u00e1 tem uma conta? <a href=\"#\" class=\"js-es-auth-item__switcher\" data-auth-item=\"login-buttons\">Entrar<\/a><\/p>\n\t<\/form>\n\t<div class=\"es-space\"><\/div>\n<\/div>\n            <div class=\"es-auth__item es-auth__agent-register-buttons es-auth__item--hidden\">\n\t\t\t<h3 class=\"heading-font\">Criar uma conta de consultor imobili\u00e1rio<\/h3>\n\t\n\t\t\t<p>Gerenciar seus im\u00f3veis, perfil e mais<\/p>\n\t\n\t\t\t\t\t\t\t\t\t<a href=\"#\" data-auth-item=\"agent-register-form\" class=\"js-es-auth-item__switcher es-btn es-btn--default es-btn--auth \">Aderir com email<\/a>\n\t\n\t<p class=\"sign-in-text\">J\u00e1 tem uma conta? <a href=\"#\" data-auth-item=\"login-buttons\" class=\"js-es-auth-item__switcher\">Entrar<\/a><\/p>\n\t<div class=\"es-space\"><\/div>\n<\/div>\n            \n    <\/div>\n\n","protected":false},"excerpt":{"rendered":"","protected":false},"author":1,"featured_media":0,"parent":0,"menu_order":0,"comment_status":"closed","ping_status":"closed","template":"","meta":{"footnotes":""},"class_list":["post-23","page","type-page","status-publish","hentry"],"_links":{"self":[{"href":"https:\/\/imo.everus.com.br\/index.php?rest_route=\/wp\/v2\/pages\/23"}],"collection":[{"href":"https:\/\/imo.everus.com.br\/index.php?rest_route=\/wp\/v2\/pages"}],"about":[{"href":"https:\/\/imo.everus.com.br\/index.php?rest_route=\/wp\/v2\/types\/page"}],"author":[{"embeddable":true,"href":"https:\/\/imo.everus.com.br\/index.php?rest_route=\/wp\/v2\/users\/1"}],"replies":[{"embeddable":true,"href":"https:\/\/imo.everus.com.br\/index.php?rest_route=%2Fwp%2Fv2%2Fcomments&post=23"}],"version-history":[{"count":0,"href":"https:\/\/imo.everus.com.br\/index.php?rest_route=\/wp\/v2\/pages\/23\/revisions"}],"wp:attachment":[{"href":"https:\/\/imo.everus.com.br\/index.php?rest_route=%2Fwp%2Fv2%2Fmedia&parent=23"}],"curies":[{"name":"wp","href":"https:\/\/api.w.org\/{rel}","templated":true}]}}